{"id":169,"date":"2024-05-15T13:18:24","date_gmt":"2024-05-15T13:18:24","guid":{"rendered":"https:\/\/portugal-microelectronics.eu\/?page_id=169"},"modified":"2024-05-15T14:32:25","modified_gmt":"2024-05-15T14:32:25","slug":"politica-de-cookies","status":"publish","type":"page","link":"https:\/\/portugal-microelectronics.eu\/index.php\/pt\/politica-de-cookies\/","title":{"rendered":"Pol\u00edtica de Cookies"},"content":{"rendered":"\n<div class=\"row row-collapse align-center\"  id=\"row-922273397\">\n\n\n\t<div id=\"col-1469368515\" class=\"col medium-8 small-12 large-8\"  >\n\t\t\t\t<div class=\"col-inner\"  >\n\t\t\t\n\t\t\t\n\n\t<div id=\"gap-275447451\" class=\"gap-element clearfix\" style=\"display:block; height:auto;\">\n\t\t\n<style>\n#gap-275447451 {\n  padding-top: 100px;\n}\n<\/style>\n\t<\/div>\n\t\n\n<h2>Pol\u00edtica de cookies<\/h2>\n\n\t<div id=\"gap-1303236465\" class=\"gap-element clearfix\" style=\"display:block; height:auto;\">\n\t\t\n<style>\n#gap-1303236465 {\n  padding-top: 100px;\n}\n<\/style>\n\t<\/div>\n\t\n\n<h3>O que s\u00e3o cookies?<\/h3>\n<p>Como \u00e9 pr\u00e1tica comum em quase todos os sites, este site usa cookies, que s\u00e3o pequenos ficheiros de dados que incluem frequentemente um identificador \u00fanico e que s\u00e3o armazenados no seu dispositivo quando visita determinadas p\u00e1ginas web. Os cookies s\u00e3o \u00fateis porque permitem que um website reconhe\u00e7a o dispositivo de um utilizador e tamb\u00e9m para melhorar a sua experi\u00eancia neste website.<\/p>\n<p>Os cookies podem ser categorizados face ao prop\u00f3sito que servem. Existem cookies que s\u00e3o unicamente necess\u00e1rios ao funcionamento do site, enquanto outros recolhem informa\u00e7\u00e3o estat\u00edstica com o intuito de analisar a utiliza\u00e7\u00e3o do site e respetivo desempenho ou s\u00e3o utilizados para assegurar a disponibiliza\u00e7\u00e3o de funcionalidades adicionais ao site ou para guardar as prefer\u00eancias do visitante relativamente \u00e0 navega\u00e7\u00e3o no mesmo, sempre que utilizar o mesmo dispositivo. Outros cookies podem ainda servir para medir o sucesso de aplica\u00e7\u00f5es e a efic\u00e1cia da publicidade de terceiros.<\/p>\n<p>O objetivo principal \u00e9 simplificar a navega\u00e7\u00e3o e permitir ao utilizador um melhor uso do site. Para esse efeito, o utilizador \u00e9 reconhecido sempre que acede ao site, eliminando a necessidade de introduzir repetidamente as mesmas informa\u00e7\u00f5es e, deste modo, permitindo uma navega\u00e7\u00e3o mais r\u00e1pida, eficiente e com melhor qualidade. As informa\u00e7\u00f5es recolhidas pelos cookies permitem, ainda, \u00e0 Agenda Microeletr\u00f3nica melhorar o seu website.<\/p>\n<p>O Cons\u00f3rcio da Agenda Microeletr\u00f3nica apenas utiliza cookies para os prop\u00f3sitos a seguir identificados:<\/p>\n<ul>\n<li><em><strong>Cookies de prefer\u00eancias do utilizador<\/strong><\/em><br \/>Cookie t\u00e9cnico que \u00e9 necess\u00e1rio para saber e memorizar as prefer\u00eancias do utilizador acerca de cookies no site. Se indicou a prefer\u00eancia em rela\u00e7\u00e3o ao consentimento dos cookies \u00e9 aqui que ser\u00e1 guardado.<\/li>\n<li><em><strong>Cookies de autentica\u00e7\u00e3o<\/strong><\/em><br \/>Cookie t\u00e9cnico necess\u00e1rio \u00e0 autentica\u00e7\u00e3o no site.<\/li>\n<li><em><strong>Cookies de Utiliza\u00e7\u00e3o \/ estat\u00edstica<\/strong><\/em><br \/>Cookie utilizado para manter os registos de utiliza\u00e7\u00e3o do site e utilizados pelo servi\u00e7o Google Analytics.<\/li>\n<li><em><strong>Cookies relacionados com o preenchimento do formul\u00e1rio<\/strong><\/em><br \/>Se preencher o formul\u00e1rio disponibilizado no website, usaremos cookies para o gerir o seu processo de contacto.<\/li>\n<\/ul>\n<p>Saiba mais sobre os cookies utilizados clicando\u00a0<a class=\"open-the-cookies-info-modal\">aqui<\/a>.<\/p>\n<h4>Deve aceitar a utiliza\u00e7\u00e3o de cookies?<\/h4>\n<p>\u00c9 importante referir que a utiliza\u00e7\u00e3o de cookies \u00e9 essencial para o correto funcionamento do web site na sua totalidade, pelo que a sua aceita\u00e7\u00e3o \u00e9 recomendada.<\/p>\n<h4>Cookies utilizados<\/h4>\n<p>Os cookies utilizados n\u00e3o identificam o utilizador individual, mas apenas o computador ou dispositivo m\u00f3vel utilizado.<\/p>\n<h4>Visualiza\u00e7\u00e3o de Cookies<\/h4>\n<p>Todos os browsers oferecem ao utilizador a possibilidade de pesquisar e visualizar os Cookies instalados por um determinado website, obtendo informa\u00e7\u00f5es sobre a sua dura\u00e7\u00e3o e a possibilidade de os eliminar, como indicado na sec\u00e7\u00e3o seguinte. Abaixo encontra-se uma s\u00e9rie de links informativos sobre esta quest\u00e3o para os navegadores mais utilizados:<\/p>\n<ul>\n<li>Google Chrome: https:\/\/support.google.com\/chrome\/answer\/95647?hl=es<\/li>\n<li>Mozilla Firefox: https:\/\/support.mozilla.org\/es\/kb\/Borrar%20cookies<\/li>\n<li>Microsoft Edge: https:\/\/support.microsoft.com\/en-us\/help\/4534105\/microsoft-edge-configure-your-privacy-settings<\/li>\n<li>Safari: https:\/\/support.apple.com\/es-es\/guide\/safari\/sfri11471\/mac<\/li>\n<\/ul>\n<h4>Desativa\u00e7\u00e3o ou elimina\u00e7\u00e3o de cookies<\/h4>\n<p>Para desativar, restringir, bloquear ou eliminar cookies, o utilizador deve modificar a configura\u00e7\u00e3o do navegador utilizado no seu dispositivo, quer se trate de um computador, smartphone ou tablet. Em geral, os navegadores oferecem as seguintes op\u00e7\u00f5es de configura\u00e7\u00e3o em rela\u00e7\u00e3o \u00e0 instala\u00e7\u00e3o de cookies:<\/p>\n<ul>\n<li>Que o navegador rejeita todos os cookies e, portanto, que nenhum cookie de qualquer website seja instalado no seu terminal.<\/li>\n<li>Que o navegador o avise antes da instala\u00e7\u00e3o do cookie para que possa decidir se aceita ou n\u00e3o a instala\u00e7\u00e3o do cookie.<\/li>\n<li>Que o navegador apenas rejeita cookies de terceiros dos s\u00edtios Web que visita, mas n\u00e3o os utilizados pelo s\u00edtio Web que est\u00e1 a navegar.<\/li>\n<\/ul>\n<p>A op\u00e7\u00e3o de navega\u00e7\u00e3o em modo privado em que os cookies s\u00e3o instalados no dispositivo, mas s\u00e3o automaticamente apagados ao terminar a navega\u00e7\u00e3o no website.<\/p>\n<p>Abaixo encontra-se uma s\u00e9rie de links informativos sobre esta quest\u00e3o para os navegadores mais utilizados:<\/p>\n<ul>\n<li>Google Chrome:\u00a0<a href=\"https:\/\/support.google.com\/chrome\/answer\/95647?hl=es\">https:\/\/support.google.com\/chrome\/answer\/95647?hl=es<\/a><\/li>\n<li>Mozilla Firefox:\u00a0<a href=\"https:\/\/support.mozilla.org\/es\/kb\/Borrar%20cookies\">https:\/\/support.mozilla.org\/es\/kb\/Borrar%20cookies<\/a><\/li>\n<li>Microsoft Edge:\u00a0<a href=\"https:\/\/support.microsoft.com\/es-es\/help\/4027947\/microsoft-edge-delete-cookies\">https:\/\/support.microsoft.com\/es-es\/help\/4027947\/microsoft-edge-delete-cookies<\/a><\/li>\n<li>Safari:\u00a0<a href=\"https:\/\/support.apple.com\/es-es\/guide\/safari\/sfri11471\/mac\">https:\/\/support.apple.com\/es-es\/guide\/safari\/sfri11471\/mac<\/a><\/li>\n<\/ul>\n<h4>Funcionalidade &#8220;do-not-track&#8221;<\/h4>\n<p>\u201cDo-not-track\u201d \u00e9 uma funcionalidade que permite aos visitantes n\u00e3o serem rastreados pelos s\u00edtios e encontra-se dispon\u00edvel na maior parte dos navegadores, incluindo: Firefox, Internet Explorer, Chrome, Safari, Opera.<\/p>\n<p>Informamos ainda que esta Pol\u00edtica de cookies n\u00e3o faz parte da nossa Pol\u00edtica de Privacidade. Para informa\u00e7\u00f5es adicionais sobre n\u00f3s e sobre a forma como protegemos as informa\u00e7\u00f5es dos utilizadores dever\u00e1 consultar a nossa Pol\u00edtica de Privacidade.<\/p>\n<p>\u00daltima revis\u00e3o: 15.05.2024<\/p>\n\n\t\t<\/div>\n\t\t\t\t\t<\/div>\n\n\t\n\n<\/div>\n\n","protected":false},"excerpt":{"rendered":"","protected":false},"author":1,"featured_media":0,"parent":0,"menu_order":0,"comment_status":"closed","ping_status":"closed","template":"","meta":{"footnotes":""},"class_list":["post-169","page","type-page","status-publish","hentry"],"_links":{"self":[{"href":"https:\/\/portugal-microelectronics.eu\/index.php\/wp-json\/wp\/v2\/pages\/169","targetHints":{"allow":["GET"]}}],"collection":[{"href":"https:\/\/portugal-microelectronics.eu\/index.php\/wp-json\/wp\/v2\/pages"}],"about":[{"href":"https:\/\/portugal-microelectronics.eu\/index.php\/wp-json\/wp\/v2\/types\/page"}],"author":[{"embeddable":true,"href":"https:\/\/portugal-microelectronics.eu\/index.php\/wp-json\/wp\/v2\/users\/1"}],"replies":[{"embeddable":true,"href":"https:\/\/portugal-microelectronics.eu\/index.php\/wp-json\/wp\/v2\/comments?post=169"}],"version-history":[{"count":4,"href":"https:\/\/portugal-microelectronics.eu\/index.php\/wp-json\/wp\/v2\/pages\/169\/revisions"}],"predecessor-version":[{"id":173,"href":"https:\/\/portugal-microelectronics.eu\/index.php\/wp-json\/wp\/v2\/pages\/169\/revisions\/173"}],"wp:attachment":[{"href":"https:\/\/portugal-microelectronics.eu\/index.php\/wp-json\/wp\/v2\/media?parent=169"}],"curies":[{"name":"wp","href":"https:\/\/api.w.org\/{rel}","templated":true}]}}